divided by 30.
12
What is the remainder when 108 is divided by 67?
41
What is the remainder when 2463 is divided by 14?
13
Calculate the remainder when 92 is divided by 24.
20
Calculate the remainder when 1195 is divided by 7.
5
What is the remainder when 224 is divided by 125?
99
Calculate the remainder when 155 is divided by 31.
0
What is the remainder when 590 is divided by 38?
20
Calculate the remainder when 22485 is divided by 8.
5
Calculate the remainder when 163 is divided by 10.
3
What is the remainder when 6412 is divided by 25?
12
Calculate the remainder when 189 is divided by 16.
13
Calculate the remainder when 83 is divided by 30.
23
Calculate the remainder when 431 is divided by 54.
53
What is the remainder when 137 is divided by 123?
14
What is the remainder when 2424 is divided by 806?
6
Calculate the remainder when 164 is divided by 59.
46
What is the remainder when 117 is divided by 8?
5
Calculate the remainder when 357 is divided by 159.
39
What is the remainder when 61878 is divided by 85?
83
Calculate the remainder when 164 is divided by 11.
10
Calculate the remainder when 374 is divided by 29.
26
Calculate the remainder when 185 is divided by 47.
44
Calculate the remainder when 62 is divided by 25.
12
Calculate the remainder when 4019 is divided by 167.
11
What is the remainder when 9 is divided by 9?
0
Calculate the remainder when 1228 is divided by 21.
10
What is the remainder when 139 is divided by 5?
4
What is the remainder when 4667 is divided by 23?
21
What is the remainder when 302 is divided by 44?
38
Calculate the remainder when 311 is divided by 39.
38
What is the remainder when 12243 is divided by 31?
29
What is the remainder when 319 is divided by 109?
101
Calculate the remainder when 141 is divided by 51.
39
What is the remainder when 213 is divided by 10?
3
Calculate the remainder when 3977 is divided by 39.
38
Calculate the remainder when 779 is divided by 13.
12
Calculate the remainder when 498 is divided by 20.
18
Calculate the remainder when 39 is divided by 11.
6
Calculate the remainder when 169 is divided by 24.
1
Calculate the remainder when 2512 is divided by 81.
1
Calculate the remainder when 781 is divided by 27.
25
What is the remainder when 1354 is divided by 75?
4
Calculate the remainder when 82 is divided by 52.
30
Calculate the remainder when 12581 is divided by 11.
8
What is the remainder when 191 is divided by 185?
6
What is the remainder when 123 is divided by 34?
21
Calculate the remainder when 74 is divided by 41.
33
Calculate the remainder when 858 is divided by 60.
18
What is the remainder when 398 is divided by 133?
132
Calculate the remainder when 300 is divided by 48.
12
What is the remainder when 402 is divided by 15?
12
Calculate the remainder when 56 is divided by 23.
10
What is the remainder when 138 is divided by 36?
30
Calculate the remainder when 205 is divided by 193.
12
Calculate the remainder when 2723 is divided by 26.
19
Calculate the remainder when 3192 is divided by 265.
12
Calculate the remainder when 73871 is divided by 24.
23
Calculate the remainder when 142 is divided by 71.
0
What is the remainder when 214 is divided by 114?
100
What is the remainder when 12399 is divided by 310?
309
Calculate the remainder when 875 is divided by 147.
140
Calculate the remainder when 270 is divided by 24.
6
What is the remainder when 1063 is divided by 611?
452
Calculate the remainder when 939 is divided by 63.
57
What is the remainder when 959 is divided by 11?
2
What is the remainder when 658 is divided by 12?
10
What is the remainder when 83 is divided by 12?
11
What is the remainder when 794 is divided by 161?
150
Calculate the remainder when 2511 is divided by 1252.
7
Calculate the remainder when 129 is divided by 50.
29
Calculate the remainder when 979 is divided by 196.
195
Calculate the remainder when 30 is divided by 12.
6
Calculate the remainder when 2074 is divided by 42.
16
What is the remainder when 4788 is divided by 25?
13
What is the remainder when 1087 is divided by 32?
31
What is the remainder when 109 is divided by 13?
5
Calculate the remainder when 190 is divided by 34.
20
Calculate the remainder when 241 is divided by 11.
10
Calculate the remainder when 1672 is divided by 93.
91
Calculate the remainder when 427 is divided by 36.
31
Calculate the remainder when 738 is divided by 19.
16
What is the remainder when 1900 is divided by 68?
64
What is the remainder when 181 is divided by 9?
1
Calculate the remainder when 267 is divided by 27.
24
What is the remainder when 3652 is divided by 1823?
6
Calculate the remainder when 15 is divided by 8.
7
Calculate the remainder when 342 is divided by 22.
12
What is the remainder when 1680 is divided by 49?
14
Calculate the remainder when 264 is divided by 9.
3
Calculate the remainder when 160 is divided by 86.
74
What is the remainder when 280 is divided by 117?
46
Calculate the remainder when 218 is divided by 44.
42
What is the remainder when 303 is divided by 124?
55
Calculate the remainder when 1784 is divided by 356.
4
What is the remainder when 67 is divided by 7?
4
Calculate the remainder when 512 is divided by 113.
60
Calculate the remainder when 1724 is divided by 96.
92
Calculate the remainder when 265 is divided by 91.
83
What is the remainder when 305 is divided by 54?
35
Calculate the remainder when 1125 is divided by 163.
147
Calculate the remainder when 791 is divided by 174.
95
What is the remainder when 155 is divided by 40?
35
What is the remainder when 101 is divided by 36?
29
Calculate the remainder when 534 is divided by 170.
24
What is the remainder when 5078 is divided by 33?
29
What is the remainder when 30 is divided by 16?
14
What is the remainder when 179 is divided by 37?
31
What is the remainder when 206 is divided by 21?
17
Calculate the remainder when 33709 is divided by 43.
40
Calculate the remainder when 4326 is divided by 111.
108
Calculate the remainder when 956 is divided by 315.
11
What is the remainder when 3057 is divided by 68?
65
What is the remainder when 1055 is divided by 12?
11
What is the remainder when 148 is divided by 23?
10
What is the remainder when 7218 is divided by 249?
246
What is the remainder when 827 is divided by 9?
8
What is the remainder when 158 is divided by 21?
11
Calculate the remainder when 42 is divided by 15.
12
What is the remainder when 688 is divided by 228?
4
What is the remainder when 1261 is divided by 179?
8
Calculate the remainder when 556 is divided by 56.
52
What is the remainder when 210 is divided by 139?
71
What is the remainder when 18 is divided by 6?
0
What is the remainder when 1998 is divided by 657?
27
What is the remainder when 12199 is divided by 61?
60
What is the remainder when 11 is divided by 10?
1
What is the remainder when 1612 is divided by 205?
177
What is the remainder when 58 is divided by 32?
26
Calculate the remainder when 374 is divided by 63.
59
What is the remainder when 262 is divided by 6?
4
Calculate the remainder when 601 is divided by 86.
85
What is the remainder when 2268 is divided by 429?
123
Calculate the remainder when 2878 is divided by 59.
46
Calculate the remainder when 312 is divided by 7.
4
Calculate the remainder when 1834 is divided by 305.
4
What is the remainder when 117 is divided by 54?
9
Calculate the remainder when 129 is divided by 19.
15
What is the remainder when 433 is divided by 206?
21
Calculate the remainder when 263 is divided by 84.
11
What is the remainder when 32 is divided by 15?
2
What is the remainder when 732 is divided by 254?
224
What is the remainder when 2369 is divided by 341?
323
What is the remainder when 80 is divided by 65?
15
Calculate the remainder when 176 is divided by 157.
19
What is the remainder when 136 is divided by 7?
3
What is the remainder when 58 is divided by 25?
8
Calculate the remainder when 451 is divided by 123.
82
What is the remainder when 630 is divided by 160?
150
What is the remainder when 4303 is divided by 105?
103
What is the remainder when 48 is divided by 35?
13
Calculate the remainder when 371 is divided by 40.
11
Calculate the remainder when 714 is divided by 214.
72
What is the remainder when 13140 is divided by 212?
208
Calculate the remain